 Suppose 5*b + 1 = 4*s, -2*s + 141*b = 143*b + 40. What is z(s)?
-15
Let l(z) = -2*z**2 - z + 1. Let a(r) = r**3 - 19*r**2 + 6*r + 21. Let j(v) = -a(v) + 4*l(v). Determine j(10).
-17
Let h(j) = j**3 + 9*j**2 + 7. Suppose 4*l = 2*l - 2*x - 266, -l + x = 137. Let f = l + 126. What is h(f)?
7
Let k(w) = -w**3 + 7*w**2 + 8*w - 2. Suppose 0 = 5*d - 5*f - 35, 5*f + 4 = d + 17. Let a be d/3 - (-1 + -1 + -2). Give k(a).
-2
Let z(j) = j**3 + 30*j**2 + 2*j + 66. Let b = 13566 - 13596. Determine z(b).
6
Suppose -2*c + 0*c + 4 = 3*q, -4*c + 8 = -2*q. Let x(v) = v**c + 0*v**2 - v**3 + 25 - 31 - 2*v**2 - v. Let z be (-1 - 1) + 11/(22/4). Determine x(z).
-6
Suppose 0*l + 2*l = 5*u + 199, -2*l + 2*u + 178 = 0. Let k(y) = -21*y**2 + 3*y - 1. Let x be k(2). Let m = x + l. Let b(d) = d**2 - 2*d - 3. Give b(m).
0
Suppose -3*r - 2*r = -4*o + 4025, 2422 = -3*r + o. Let a = r + 812. Let p(u) = -2*u**2 + u + 7. Determine p(a).
-8
Let r = -282 - -359. Let h(p) = 81 + 80 - 234 + 4*p + r. Determine h(-2).
-4
Suppose 6*n + 4*m = 3*n - 11, -4*n = 3*m + 3. Let f = -247 - -249. Let l(x) = 15 + 21 - 32 - f*x. Calculate l(n).
-2
Let s be 1*(-8)/32*36. Let d(o) = 15*o**3 - 15*o**2 - 4*o - 8. Let w(l) = -34*l**3 + 32*l**2 + 7*l + 16. Let z(r) = s*d(r) - 4*w(r). Give z(-6).
-4
Let o(v) = 343 - 2*v + 272 + 358 - 15*v - 766. Determine o(12).
3
Let q = 321 - 316. Suppose 0 = 6*n - q*n - 3*z - 20, z = 4*n - 25. Let y(v) = -2*v**2 + 9*v - 8. Determine y(n).
-13
Let g(i) = 960*i - 14396. Let o be g(15). Let v(k) = -k**3 + 6*k**2 - 11*k + 16. Determine v(o).
4
Let s(f) be the first derivative of 2*f**2 - 38 - f + f**3 + 1/4*f**4. Determine s(-3).
-13
Let f(j) be the second derivative of 1/20*j**5 - 7/12*j**4 - 5/2*j**2 + 0 + j - 4/3*j**3. Let p(n) = n**2 + 9*n - 2. Let r be p(-10). Give f(r).
-5
Let o(h) = -2*h - 2. Let f(s) = -10 + 2 - 2 - 17*s. Let m be f(-1). Calculate o(m).
-16
Let o(c) = 5*c + 3. Let g(x) = -6*x - 4. Let n(b) = 4*g(b) + 5*o(b). Suppose 4*i - i - 2*v = -8, -3*i + 3*v = 9. What is n(i)?
-3
Let z(x) = 5*x**3 + 2 + 3*x**3 + 0*x**3 - x - 9*x**3 + 2*x**2. Let v be z(2). Let i(u) = -2*u**2 + 26 - 3*u + v*u**2 - u**3 + 8*u - 27. What is i(-4)?
11
Let y be 3 - -4*(-4)/8. Let h(r) = 5 - y + 8*r - 9*r. Suppose 6*m - 2 = 4*m - 3*k, 3*k = -m - 5. Calculate h(m).
-3
Let i(a) = 9*a - 56 + 56. Suppose 72*n - 67 - 149 = 0. Calculate i(n).
27
Let q(g) = 8 - 7*g**3 + 2*g**3 + 7*g**3 - 19*g**2 - 14*g + 13*g**2 - 19*g**2. Calculate q(13).
-5
Suppose 1480 = -36*w + 1588. Let i(z) be the third derivative of 0 + 1/24*z**4 + 3*z**2 + 1/6*z**w + 0*z. Give i(-1).
0
Let g(r) = r + 2. Suppose -2*y + 44 = 4*f, 0*f - 50 = -5*f - 5*y. Let q(x) = 15*x + 12. Let w(m) = m. Let b(h) = f*w(h) - q(h). Let t be b(-4). What is g(t)?
2
Let s(l) = l**2 + l - 2. Let n(b) = 3*b**2 - 163. Let d(y) = -n(y) + 5*s(y). Let i(a) be the first derivative of d(a). What is i(-6)?
-19
Let k(n) = -n**2 - 2*n + 70. Let h(t) = 3*t**3 + 27*t**2 + 2*t + 9. Let c be h(-9). Calculate k(c).
7
Let p(h) = 4*h - 4*h + 3 - 2*h. Let l(x) = 2*x**2 - 14*x + 1. Let n be l(6). Let i(g) = -g**3 - 12*g**2 - 8*g + 35. Let b be i(n). Determine p(b).
-1
Let o(l) = -l**3 - 7*l**2 - 9*l - 7. Let t(v) = -v**3 + 11*v**2 - 24*v + 3. Let u be t(8). Suppose u*j + k = -23, 3*k = -5*j + k - 40. What is o(j)?
11
Let n(i) = i**2 + 6*i - 1. Let d(l) = 4*l + 38. Let f(z) = -2*z - 19. Let j(g) = -6*d(g) - 11*f(g). Let b be j(-7). Calculate n(b).
-6
Let h(t) be the first derivative of -35*t**2/2 + 14*t + 8668. What is h(1)?
-21
Let x = 7 - 8. Let q = x + 4. Let y(i) = 3*i + 6. Let j(l) = -15*l - 25. Let t(a) = -2*j(a) - 9*y(a). Calculate t(q).
5
Let h = -16327 - -32665/2. Let a(k) be the first derivative of -11*k + 19 + h*k**2 - 1/3*k**3. Calculate a(9).
7
Suppose 0 = g + 4 - 0. Let r(f) = -2*f**2 + 19*f - 3. Let v be r(9). Let c(u) = 1 - u**2 + v*u + 4*u - 3 - 13*u. Determine c(g).
-6
Let a(k) be the second derivative of k**4/12 - 11*k**3/3 + 49*k**2 - 1445*k + 2. Determine a(13).
-19
Suppose 0*c = -c - 52. Let f = -50 - c. Suppose 0 = 4*q + 5*j + 13 + 15, 3*j + 16 = -f*q. Let k(b) = -3*b + 1. Calculate k(q).
7
Let g(h) = h**3 + 12*h**2 + 4. Let c(n) = -n**2 - n. Let a(j) = 7*j**2 + 9*j - 42. Let i(o) = -a(o) - 6*c(o). Let z be i(-9). Give g(z).
4
Let u = -386 - -399. Let s(f) = -12 + 2*f + 6 + 7 - u*f**2 + 0*f. Determine s(-1).
-14
Let t(c) = -2*c**3 - c**2 - c + 2. Let w(f) = -3*f**3 - 6*f**2 - 3*f + 8. Suppose -2*x = 2*z - 4, 4*x = -3*z + 7 - 0. Let u(j) = z*w(j) - t(j). Give u(-4).
-2
Let z(v) be the first derivative of -2*v**3/3 - 13*v**2 - 58*v - 5596. Calculate z(-10).
2
Let o(c) = c**3 + 29*c**2 + 28*c + 63. Let d = -34046 - -34018. What is o(d)?
63
Let j(r) = 48*r**2 + 47*r - 14. Let x(y) = 17*y**2 + 17*y - 5. Let m(t) = -6*j(t) + 17*x(t). Let b be (-2 + -7)/(12/8). What is m(b)?
-7
Suppose 91*x = 16*x - 1950. Let u(j) = 2*j - 5. What is u(x)?
-57
Let n(m) = -1 - 2*m**2 - m**3 + 2*m**2 + 5*m**2 + 6*m. Let v be 114/399 + (-52)/(-14). Suppose -2*u - 4*h = h - 12, u = v*h + 6. Calculate n(u).
-1
Let q be (5 - 6) + 0 + (-3 - 5). Let c(w) = 4*w**2 + 36*w + 6. Let i be c(q). Let z(b) = -b**3 + 7*b**2 - 6*b + 2. Determine z(i).
2
Let l(c) = -11*c**3 - 19*c**2 - 5*c - 25. Let n(o) = -14*o**3 - 24*o**2 - 7*o - 34. Let i(u) = -18*l(u) + 14*n(u). What is i(-3)?
-2
Let i(f) = 158*f + 2. Let y(v) = 78*v - 1. Let x(s) = -i(s) + 2*y(s). Give x(-5).
6
Let p(r) = 4*r**2 + 3*r + 117. Let b(c) = -c**2 - c + 2. Let z(t) = -2*b(t) + p(t). Let w(i) be the first derivative of z(i). Determine w(-2).
-19
Suppose -k = 2 - 6. Suppose -r - r + k = 5*c, 6 = 3*r + c. Let y(j) = -1826914 - 6*j**3 + 5*j**3 - 2*j**2 + 1826912 + 6*j**2. Give y(r).
6
Let k(l) = l**2 + 8*l + 20. Suppose 382*u + 4284 = 76*u. Determine k(u).
104
Let k(p) = -p**3 - 4*p**2 - 18*p - 15. Let w(a) = -a**3 - 5*a**2 - 19*a - 16. Let r(f) = -5*k(f) + 6*w(f). Determine r(-7).
0
Suppose -6*z = -5*f + 36, 3293*z + 5*f - 14 = 3297*z. Let p(s) = 18*s + 221. What is p(z)?
23
Suppose -9*y = 10*y + 17*y - 72. Let c(v) be the third derivative of 0*v**4 + 1/12*v**5 - 1/120*v**6 + 0 - 9*v**y + 0*v + 1/2*v**3. What is c(5)?
3
Suppose 13*b = -23*b + 1584. Let j(h) = -133*h + 46*h + b*h - h**2 + 47*h + 10. What is j(8)?
-22
Let q(s) = -11*s - 31. Let y be q(-3). Suppose 2*c + 0*c = 5*w + 727, -5*c + 3*w = -1827. Let p(o) = 3 - 6 + 375*o - c*o. Calculate p(y).
15
Let q(k) = 2*k**3 + 19*k**2 + 4*k - 4. Let h = 10 + -7. Let d(r) = r**3 + 9*r**2 + 2*r - 1. Let y(i) = h*q(i) - 7*d(i). Let c = -7 - -1. Give y(c).
7
Let v(h) be the first derivative of -h**4/4 - h**3 + h**2 - h - 2. Let y = 30384 + -30381. Calculate v(y).
-49
Let n be 28/(-294) - (-86)/21. Suppose 12*u + n = 52. Let s(j) = -4*j**2 + 3*j - 2. Let g(i) = i**2 + i - 1. Let p(k) = -3*g(k) - s(k). Give p(u).
-3
Let v(a) be the first derivative of -a**4/4 + 19*a**3/3 - a**2 + 21*a - 4787. Determine v(19).
-17
Let c be (((-3)/(-6))/(-1))/(2/(-8)). Suppose -f = -c + 7. Let y(j) = -j**3 - 5*j**2 + j + 5. Calculate y(f).
0
Let k(w) = -110*w**2 + w + 2. Let m(o) = -o**3 + 7*o**2 + 47*o - 319. Let t be m(6). Calculate k(t).
-109
Let m(a) = -a**3 + 5*a**2 + 7*a + 5. Let o be (1 - (-8)/(-10))*(74 - 49). Give m(o).
40
Let b(t) = 2*t**2 + 53*t + 75. Let c be b(-25). Let x(w) = w - 1. Let s(u) = -2*u + 21. Let q(d) = -s(d) - x(d). Give q(c).
-20
Suppose -32*c + 58*c = -98*c + 496. Let w(d) = -d**3 + 3*d**2 + 3*d + 9. Calculate w(c).
5
Let d(h) = 8*h - 1. Suppose 1 = -i - 3*o, -o = 3*o + 8. Suppose -10*v + i*v = 3*c + 20, 0 = -3*v + 2*c + 7. Give d(v).
-9
Let k be (-5)/(-3)*(-5)/(425/(-51)). Let b(m) = 9*m**3 - 5*m**2 + 5*m. Determine b(k).
9
Let j(u) = u**3 + 15*u + 633*u**2 - 665*u**2 + 91*u + 28*u + 27. Calculate j(27).
0
Let g(t) = 5*t + 202. Let c be g(0). Let h = 204 - c. Let b(i) be the third derivative of i**5/12 - i**4/8 - i**2. What is b(h)?
14
Let r(g) = 835 - 288 + g - 289 - 267. Let f = 6 - 1. Calculate r(f).
-4
Let f be ((-1485)/(-275))/(2/20). Let k(y) = -49*y**2 + 12*y - 5 - f*y**2 + y**3 + 92*y**2. Give k(10).
15
Let h(i) = 2*i - 1. Let b(z) be the third derivative of -z**4/8 + z**3/3 - 4*z**2. Let p(d) = -3*b(d) - 5*h(d). Let a(u) = -2*u - 12. Let x be a(-8). Give p(x).
-5
Let n(c) = -17*c - 3. Let v(f) = 6*f + 1. Suppose 3*w - 5*z + 27 = -2*z, 0 = -4*z + 